{"version":"1.0","provider_name":"OSCE IDHM","provider_url":"https:\/\/dipmission-osce.com\/cs\/","author_name":"admin","author_url":"https:\/\/dipmission-osce.com\/cs\/author\/admin\/","title":"Humanit\u00e1rn\u00ed mise OBSE p\u0159edstavila italsko-ukrajinsk\u00fd logistick\u00fd projekt na konferenci o obnov\u011b Ukrajiny | OSCE IDHM","type":"rich","width":600,"height":338,"html":"<blockquote class=\"wp-embedded-content\" data-secret=\"KN0i2wc9cZ\"><a href=\"https:\/\/dipmission-osce.com\/cs\/obsye-zaklykaye-2\/\">Humanit\u00e1rn\u00ed mise OBSE p\u0159edstavila italsko-ukrajinsk\u00fd logistick\u00fd projekt na konferenci o obnov\u011b Ukrajiny<\/a><\/blockquote><iframe sandbox=\"allow-scripts\" security=\"restricted\" src=\"https:\/\/dipmission-osce.com\/cs\/obsye-zaklykaye-2\/embed\/#?secret=KN0i2wc9cZ\" width=\"600\" height=\"338\" title=\"&#8222;Humanit\u00e1rn\u00ed mise OBSE p\u0159edstavila italsko-ukrajinsk\u00fd logistick\u00fd projekt na konferenci o obnov\u011b Ukrajiny&#8220; &#8212; OSCE IDHM\" data-secret=\"KN0i2wc9cZ\" frameborder=\"0\" marginwidth=\"0\" marginheight=\"0\" scrolling=\"no\" class=\"wp-embedded-content\"><\/iframe><script type=\"text\/javascript\">\n\/* <![CDATA[ *\/\n\/*! This file is auto-generated *\/\n!function(d,l){\"use strict\";l.querySelector&&d.addEventListener&&\"undefined\"!=typeof URL&&(d.wp=d.wp||{},d.wp.receiveEmbedMessage||(d.wp.receiveEmbedMessage=function(e){var t=e.data;if((t||t.secret||t.message||t.value)&&!\/[^a-zA-Z0-9]\/.test(t.secret)){for(var s,r,n,a=l.querySelectorAll('iframe[data-secret=\"'+t.secret+'\"]'),o=l.querySelectorAll('blockquote[data-secret=\"'+t.secret+'\"]'),c=new RegExp(\"^https?:$\",\"i\"),i=0;i<o.length;i++)o[i].style.display=\"none\";for(i=0;i<a.length;i++)s=a[i],e.source===s.contentWindow&&(s.removeAttribute(\"style\"),\"height\"===t.message?(1e3<(r=parseInt(t.value,10))?r=1e3:~~r<200&&(r=200),s.height=r):\"link\"===t.message&&(r=new URL(s.getAttribute(\"src\")),n=new URL(t.value),c.test(n.protocol))&&n.host===r.host&&l.activeElement===s&&(d.top.location.href=t.value))}},d.addEventListener(\"message\",d.wp.receiveEmbedMessage,!1),l.addEventListener(\"DOMContentLoaded\",function(){for(var e,t,s=l.querySelectorAll(\"iframe.wp-embedded-content\"),r=0;r<s.length;r++)(t=(e=s[r]).getAttribute(\"data-secret\"))||(t=Math.random().toString(36).substring(2,12),e.src+=\"#?secret=\"+t,e.setAttribute(\"data-secret\",t)),e.contentWindow.postMessage({message:\"ready\",secret:t},\"*\")},!1)))}(window,document);\n\/\/# sourceURL=https:\/\/dipmission-osce.com\/wp-includes\/js\/wp-embed.min.js\n\/* ]]> *\/\n<\/script>\n","thumbnail_url":"https:\/\/dipmission-osce.com\/wp-content\/uploads\/2025\/03\/343800373_630308005196706_5777792000677938246_n.jpg","thumbnail_width":720,"thumbnail_height":535,"description":"Z\u00e1stupce nevl\u00e1dn\u00ed organizace \u201eMezin\u00e1rodn\u00ed diplomatick\u00e1 humanit\u00e1rn\u00ed mise\u201c OBSE \u2013 Ihor Bo\u010dan, v\u010dera p\u0159edstavil jeden z prvn\u00edch spole\u010dn\u00fdch italsko-ukrajinsk\u00fdch projekt\u016f na konferenci o obnov\u011b Ukrajiny. Projekt pom\u016f\u017ee vytvo\u0159it logistickou platformu, kter\u00e1 propoj\u00ed Ukrajinu po zemi s intermod\u00e1ln\u00edm p\u0159\u00edstavem Quadrante Europa ve Veron\u011b. Interport Quadrante Europa ve Veron\u011b je nejv\u011bt\u0161\u00edm logistick\u00fdm oper\u00e1torem a dopravn\u00edm uzlem v It\u00e1lii, [&hellip;]"}

Humanitární mise OBSE představila italsko-ukrajinský logistický projekt na konferenci o obnově Ukrajiny | OSCE IDHM

<blockquote class="wp-embedded-content" data-secret="KN0i2wc9cZ"><a href="https://dipmission-osce.com/cs/obsye-zaklykaye-2/">Humanitární mise OBSE představila italsko-ukrajinský logistický projekt na konferenci o obnově Ukrajiny</a></blockquote><iframe sandbox="allow-scripts" security="restricted" src="https://dipmission-osce.com/cs/obsye-zaklykaye-2/embed/#?secret=KN0i2wc9cZ" width="600" height="338" title="&#8222;Humanitární mise OBSE představila italsko-ukrajinský logistický projekt na konferenci o obnově Ukrajiny&#8220; &#8212; OSCE IDHM" data-secret="KN0i2wc9cZ" frameborder="0" marginwidth="0" marginheight="0" scrolling="no" class="wp-embedded-content"></iframe><script type="text/javascript">
/* <![CDATA[ */
/*! This file is auto-generated */
!function(d,l){"use strict";l.querySelector&&d.addEventListener&&"undefined"!=typeof URL&&(d.wp=d.wp||{},d.wp.receiveEmbedMessage||(d.wp.receiveEmbedMessage=function(e){var t=e.data;if((t||t.secret||t.message||t.value)&&!/[^a-zA-Z0-9]/.test(t.secret)){for(var s,r,n,a=l.querySelectorAll('iframe[data-secret="'+t.secret+'"]'),o=l.querySelectorAll('blockquote[data-secret="'+t.secret+'"]'),c=new RegExp("^https?:$","i"),i=0;i<o.length;i++)o[i].style.display="none";for(i=0;i<a.length;i++)s=a[i],e.source===s.contentWindow&&(s.removeAttribute("style"),"height"===t.message?(1e3<(r=parseInt(t.value,10))?r=1e3:~~r<200&&(r=200),s.height=r):"link"===t.message&&(r=new URL(s.getAttribute("src")),n=new URL(t.value),c.test(n.protocol))&&n.host===r.host&&l.activeElement===s&&(d.top.location.href=t.value))}},d.addEventListener("message",d.wp.receiveEmbedMessage,!1),l.addEventListener("DOMContentLoaded",function(){for(var e,t,s=l.querySelectorAll("iframe.wp-embedded-content"),r=0;r<s.length;r++)(t=(e=s[r]).getAttribute("data-secret"))||(t=Math.random().toString(36).substring(2,12),e.src+="#?secret="+t,e.setAttribute("data-secret",t)),e.contentWindow.postMessage({message:"ready",secret:t},"*")},!1)))}(window,document);
//# sourceURL=https://dipmission-osce.com/wp-includes/js/wp-embed.min.js
/* ]]> */
</script>

Zástupce nevládní organizace „Mezinárodní diplomatická humanitární mise“ OBSE – Ihor Bočan, včera představil jeden z prvních společných italsko-ukrajinských projektů na konferenci o obnově Ukrajiny. Projekt pomůže vytvořit logistickou platformu, která propojí Ukrajinu po zemi s intermodálním přístavem Quadrante Europa ve Veroně. Interport Quadrante Europa ve Veroně je největším logistickým operátorem a dopravním uzlem v Itálii, [&hellip;]
